 what is 11 - -11000301311030?
11000301311101
In base 8, what is 330672743 - -2?
330672745
In base 9, what is 1204553684 - 2?
1204553682
In base 16, what is -613 - -2fd4?
29c1
In base 12, what is 962 + 4a96?
5838
In base 8, what is 54421 + -2555?
51644
In base 4, what is -110 + 1023033010?
1023032300
In base 3, what is 112020210112 - -110002?
112021020121
In base 7, what is -212101006 + 0?
-212101006
In base 15, what is 22d5d5 - -148?
22d72d
In base 11, what is 171542152 + -5?
171542148
In base 6, what is 4 + -50041010?
-50041002
In base 5, what is 130431232220 - -10?
130431232230
In base 16, what is 9fdb - 2e?
9fad
In base 5, what is -101313400420 - 1?
-101313400421
In base 8, what is -1206640 - -75?
-1206543
In base 12, what is -7632 - -522?
-7110
In base 2, what is -101110011011100001 + -1000?
-101110011011101001
In base 2, what is -100000111010101011 - -110101011?
-100000110100000000
In base 15, what is -20 + -1541655?
-1541675
In base 2, what is -10 + 101000100100101011101001?
101000100100101011100111
In base 10, what is -3 + -34707400?
-34707403
In base 10, what is -4 - 196649494?
-196649498
In base 2, what is 1000100101101001111001 + 11010?
1000100101101010010011
In base 11, what is 25a12438 + -1?
25a12437
In base 8, what is -24555 + 30471?
3714
In base 10, what is -16 - -589536?
589520
In base 12, what is 15168a7 + -2?
15168a5
In base 11, what is -5 + -43320885?
-4332088a
In base 6, what is 224 + 1202011?
1202235
In base 7, what is 31110005 - 33?
31106642
In base 10, what is 5 - 900523?
-900518
In base 11, what is -2a7215 - -4?
-2a7211
In base 2, what is 10 - 11010001111010000001011?
-11010001111010000001001
In base 5, what is -2400023302 - -2?
-2400023300
In base 12, what is -74a0053 + 2?
-74a0051
In base 10, what is 27 + 1468510?
1468537
In base 10, what is -2 - 1936261?
-1936263
In base 13, what is -639c0b2 - -5?
-639c0aa
In base 12, what is -709a0 + -26?
-70a06
In base 9, what is 251 + -4713200?
-4712838
In base 16, what is -473485 + 41?
-473444
In base 15, what is 75d104 + 9?
75d10d
In base 11, what is 66 + 499462?
499518
In base 7, what is -262 - -3104061?
3103466
In base 15, what is -10c9 + 231?
-d98
In base 11, what is -3 - 7631a706?
-7631a709
In base 11, what is -2425 + 26327?
23a02
In base 14, what is -5d3d9 - 23c?
-5d637
In base 11, what is -a748 + 113?
-a635
In base 2, what is -100010 - -101001110010?
101001010000
In base 14, what is -c71235a + -5?
-c712361
In base 4, what is -330 - 13022333?
-13023323
In base 4, what is -2 - 2101032300133?
-2101032300201
In base 3, what is 111 - 20121121020112?
-20121121020001
In base 11, what is 0 + 10038035?
10038035
In base 12, what is -6 + 1119b63?
1119b59
In base 6, what is 14 + 4214122112?
4214122130
In base 2, what is 10110110011100001 - 1101100101111?
10101000110110010
In base 16, what is d + 30011?
3001e
In base 2, what is -1110 - 101110111101110001010100?
-101110111101110001100010
In base 7, what is -30260 - -106452?
46162
In base 8, what is -611 - -2437662?
2437051
In base 3, what is 1111211212221 + 22?
1111211220020
In base 9, what is 24 + -5411227?
-5411203
In base 7, what is 4164140 - 46?
4164061
In base 12, what is -b0aa91 + -27?
-b0aab8
In base 7, what is 116543564 + 0?
116543564
In base 9, what is 35016627 - 14?
35016613
In base 12, what is b99475 + -152?
b99323
In base 13, what is 12 - -6aa3b?
6aa50
In base 3, what is -10110100221101 + -100?
-10110100221201
In base 12, what is 3158 - 1533?
1825
In base 8, what is -3764022 + -20?
-3764042
In base 3, what is -111 + -110201121102?
-110201121220
In base 13, what is 5 - -8c4bc0?
8c4bc5
In base 13, what is 4 + 7584c?
75853
In base 4, what is -20002233 + -23323?
-20032222
In base 3, what is 1002 - 10112222201?
-10112221122
In base 14, what is -4102ba + -118?
-4103d4
In base 13, what is 141b6cb + -2?
141b6c9
In base 2, what is 1 + -111001000000101111000?
-111001000000101110111
In base 3, what is -2100202 + 122110222?
120010020
In base 16, what is -264d272 - -4?
-264d26e
In base 6, what is 1 - 105220244?
-105220243
In base 15, what is 147c1e + -5?
147c19
In base 2, what is 1101000101111110 - -111000011010?
1101111110011000
In base 6, what is -153030 - -100344?
-52242
In base 12, what is -1734 - 1484?
-2bb8
In base 2, what is 0 + -1001110011101100001011110?
-1001110011101100001011110
In base 3, what is 10012220021 + 1?
10012220022
In base 14, what is 4 - -6a47bb?
6a47c1
In base 6, what is -12 + -113243320?
-113243332
In base 14, what is -57a - 33288?
-33824
In base 7, what is -4 - -1523610250?
1523610243
In base 13, what is -4 + 807637?
807633
In base 13, what is 3 - 27a6b7a?
-27a6b77
In base 7, what is -4415243 - 42?
-4415315
In base 12, what is a6b + 251a1?
26050
In base 6, what is -4552 + 10041221?
10032225
In base 7, what is 1045026 + -1?
1045025
In base 11, what is -35524a2 + -6?
-35524a8
In base 12, what is -3 + 12243029?
12243026
In base 13, what is -4c + -8992?
-8a11
In base 16, what is -e0400a - 4?
-e0400e
In base 13, what is -1 - -9b93a?
9b939
In base 13, what is 637174 - -1?
637175
In base 15, what is b84098 + 7?
b840a0
In base 9, what is 1 - 37882161?
-37882160
In base 9, what is -447834 - 162?
-448106
In base 9, what is 22 + -162340?
-162317
In base 3, what is -112221220 - 2120021021?
-10010020011
In base 11, what is -2 - 16010013?
-16010015
In base 4, what is -11 - -220133011312?
220133011301
In base 6, what is -132021101 + 4?
-132021053
In base 9, what is -114823 + -4861?
-120784
In base 16, what is 123a - -2050?
328a
In base 10, what is -117376 - 3283?
-120659
In base 4, what is -3013133 + 122000?
-2231133
In base 5, what is -134004213131 - -4?
-134004213122
In base 3, what is -1102 - 1011012012111?
-1011012020220
In base 12, what is 15 - 212121?
-212108
In base 8, what is -12626 + 5156?
-5450
In base 4, what is -12302013123 + -123?
-12302013312
In base 15, what is -2ac73e + -17?
-2ac756
In base 13, what is -c199 - a43?
-cc0c
In base 14, what is 1 - 1bbdc974?
-1bbdc973
In base 14, what is 1600410 - 5?
1600409
In base 4, what is -1001031120 - 22?
-1001031202
In base 14, what is d328 - 1282?
c086
In base 16, what is -2fc0 + -1f9a?
-4f5a
In base 16, what is -298c45 - 2?
-298c47
In base 16, what is 12 + 307f46a?
307f47c
In base 15, what is -2725 - -14dd0?
126aa
In base 8, what is 667501 + -632?
666647
In base 9, what is 0 - -50371665?
50371665
In base 16, what is -1a9d06 + -df?
-1a9de5
In base 3, what is 20001 + -100012021111?
-100012001110
In base 4, what is 0 + -12013230330202?
-12013230330202
In base 12, what is 678a4 + 422?
68106
In base 10, what is -2632642 + 1?
-2632641
In base 11, what is 76 + 59a9035?
59a9100
In base 2, what is -11100110111110000 + -1110011?
-11100111001100011
In base 2, what is -1000010000000 + 110110110010010?
101110100010010
In base 5, what is -3230004433 + 3?
-3230004430
In base 9, what is -682771 - -1176?
-681584
In base 6, what is -34 + -552054541?
-552055015
In base 4, what is -11 - -22101312113232?
22101312113221
In base 13, what is -3c41bca5 - 3?
-3c41bca8
In base 13, what is -49 - -2570ca9?
2570c60
In base 12, what is -5 + -5283a2?
-5283a7
In base 6, what is -3 + 24555221114?
24555221111
In base 11, what is 28804 + -4806?
23aa9
In base 16, what is 7 + 28ef269?
28ef270
In base 14, what is -1c - 7bd18?
-7bd36
In base 9, what is 208 + -5546110?
-5545801
In base 5, what is -132201 + -31000?
-213201
In base 11, what is -1416408a - 8?
-14164097
In base 6, what is -52105334 - 320?
-52110054
In base 2, what is -11011100010110 - 110100110?
-11100010111100
In base 16, what is 34154 + -60c?
33b48
In base 15, what is -302 - -15a72?
15770
In base 8, what is 1 - 321331715?
-321331714
In base 4, what is -10012123133 - 31?
-10012123230
In base 7, what is -1656463 + 20?
-1656443
In base 14, what is 2 + -1029ab?
-1029a9
In base 12, what is 1 - 496bb848?
-496bb847
In base 11, what is -4629 - -23?
-4606
In base 14, what is 1c2 + 1c94?
2076
In base 7, what is -1423452 + 23?
-1423426
In base 13, what is 14331110 - 4?
14331109
In base 5, what is 2410 + 11003303?
11011213
In base 13, what is c + -15a19a4?
-15a1995
In base 6, what is -314 + 101541010?
101540252
In base 12, what is -3965b + -122?
-39781
In base 11, what is -265a08a + 9?
-265a081
In base 3, what is -120 + -10110220110?
-10110221000
In base 